2?
True
Is 97 a factor of 7021442?
True
Is 13 a factor of 2308215?
True
Is 629 a factor of 91834?
True
Is 3 a factor of 2717084?
False
Is 107834 a multiple of 22?
False
Does 500 divide 797195?
False
Is 6768907 a multiple of 26?
False
Is 8 a factor of 5718370?
False
Is 322324 a multiple of 244?
True
Does 121 divide 82087?
False
Is 110 a factor of 504882?
False
Is 32421 a multiple of 101?
True
Is 54208 a multiple of 448?
True
Does 154 divide 456456?
True
Is 11 a factor of 575856?
False
Is 40 a factor of 806360?
True
Is 306800 a multiple of 52?
True
Is 170 a factor of 8889064?
False
Is 2972996 a multiple of 223?
False
Is 504192 a multiple of 39?
True
Is 178280 a multiple of 20?
True
Is 5001223 a multiple of 4?
False
Is 71 a factor of 243110?
False
Is 45023 a multiple of 72?
False
Is 2496 a multiple of 24?
True
Is 71541 a multiple of 21?
False
Does 95 divide 1086?
False
Does 24 divide 1160136?
True
Is 12 a factor of 8322521?
False
Does 25 divide 1238975?
True
Is 2761046 a multiple of 62?
True
Is 314091 a multiple of 10?
False
Is 1697 a factor of 10455217?
True
Is 690368 a multiple of 46?
True
Is 32572 a multiple of 34?
True
Is 10 a factor of 422590?
True
Is 141 a factor of 1087884?
False
Is 454 a factor of 748792?
False
Is 613561 a multiple of 109?
True
Is 370415 a multiple of 23?
True
Is 900 a factor of 4380398?
False
Is 36 a factor of 2084929?
False
Is 379400 a multiple of 350?
True
Is 2067 a multiple of 13?
True
Is 133 a factor of 4615789?
False
Does 460 divide 7860634?
False
Is 33 a factor of 3828660?
True
Does 2 divide 183961?
False
Does 545 divide 14909020?
True
Does 79 divide 294709?
False
Does 40 divide 12587120?
True
Does 18 divide 14331189?
False
Is 775 a multiple of 2?
False
Is 1225956 a multiple of 177?
False
Is 1487286 a multiple of 159?
True
Is 2 a factor of 131289?
False
Is 39540 a multiple of 23?
False
Does 68 divide 1113141?
False
Is 6 a factor of 1619?
False
Does 1082 divide 2694867?
False
Does 13 divide 798921?
False
Is 43710 a multiple of 25?
False
Is 286 a factor of 2503105?
False
Is 90692 a multiple of 158?
True
Does 66 divide 4337892?
False
Does 1513 divide 19102013?
False
Does 22 divide 50442?
False
Is 26620608 a multiple of 84?
True
Is 7 a factor of 1106273?
True
Does 5 divide 74090?
True
Is 65 a factor of 316106?
False
Does 20 divide 193080?
True
Is 20 a factor of 2769156?
False
Is 13997213 a multiple of 50?
False
Does 72 divide 1072224?
True
Is 489575 a multiple of 16?
False
Is 20 a factor of 74116?
False
Does 32 divide 617664?
True
Does 96 divide 56676?
False
Is 259 a factor of 2660189?
True
Is 334634 a multiple of 125?
False
Is 182219 a multiple of 4?
False
Does 14 divide 605430?
True
Is 6 a factor of 1987387?
False
Is 21951911 a multiple of 68?
False
Does 95 divide 713070?
True
Is 1102 a factor of 6037918?
False
Is 462 a factor of 5555926?
False
Is 6511748 a multiple of 524?
True
Is 10 a factor of 8128?
False
Does 175 divide 224525?
True
Does 957 divide 969788?
False
Is 27 a factor of 444981?
False
Does 1509 divide 8691469?
False
Is 34 a factor of 361662?
False
Does 56 divide 75376?
True
Does 234 divide 68796?
True
Does 4 divide 18908?
True
Is 118 a factor of 307508?
True
Is 81 a factor of 856656?
True
Does 14 divide 299264?
True
Does 9 divide 4994162?
False
Is 92 a factor of 1267632?
False
Does 20 divide 46200?
True
Is 12811183 a multiple of 17?
True
Is 84 a factor of 89446?
False
Is 23 a factor of 7716684?
True
Is 60 a factor of 41820?
True
Does 311 divide 1607781?
False
Is 73 a factor of 6098126?
False
Is 280417 a multiple of 69?
False
Is 6 a factor of 152957?
False
Is 258 a factor of 405060?
True
Is 222 a factor of 188478?
True
Does 267 divide 941036?
False
Does 31 divide 920101?
False
Does 12 divide 1823?
False
Is 1062228 a multiple of 164?
True
Is 161 a factor of 114107?
False
Is 56 a factor of 35884?
False
Is 7573554 a multiple of 1059?
False
Is 39 a factor of 3180723?
True
Is 8052955 a multiple of 493?
False
Is 43 a factor of 239332?
False
Does 10 divide 106659?
False
Is 12 a factor of 121228?
False
Is 16337517 a multiple of 5?
False
Does 69 divide 146556?
True
Does 37 divide 17221?
False
Is 305846 a multiple of 105?
False
Is 131 a factor of 406450?
False
Is 1074 a factor of 14436887?
False
Does 14 divide 504072?
False
Does 228 divide 130817?
False
Is 107 a factor of 1671137?
False
Is 1232688 a multiple of 488?
True
Does 1747 divide 6572214?
True
Does 196 divide 28153048?
True
Is 45 a factor of 436050?
True
Is 8624 a multiple of 3?
False
Is 142758 a multiple of 22?
True
Is 37 a factor of 643615?
True
Is 20 a factor of 254740?
True
Does 219 divide 276597?
True
Is 241371 a multiple of 184?
False
Is 588478 a multiple of 7?
False
Does 251 divide 939493?
True
Does 10 divide 4827930?
True
Is 54677 a multiple of 3?
False
Is 15 a factor of 5876129?
False
Is 209620 a multiple of 140?
False
Is 49 a factor of 1498028?
True
Does 211 divide 181662?
False
Is 11 a factor of 7012651?
False
Is 22842 a multiple of 18?
True
Is 65 a factor of 302540?
False
Is 13 a factor of 18839307?
False
Is 54495 a multiple of 35?
True
Is 82 a factor of 153668?
True
Is 6 a factor of 2411106?
True
Is 57 a factor of 66291?
True
Is 60 a factor of 458943?
False
Is 79644 a multiple of 12?
True
Is 5138808 a multiple of 124?
True
Does 29 divide 114848?
False
Does 17 divide 477916?
False
Is 1650894 a multiple of 46?
True
Is 31575 a multiple of 25?
True
Is 52 a factor of 22598?
False
Is 3 a factor of 77424?
True
Does 6 divide 152811?
False
Is 3 a factor of 565146?
True
Is 109 a factor of 3541628?
True
Is 359905 a multiple of 35?
True
Is 12 a factor of 252816?
True
Does 11 divide 1498730?
False
Is 435 a factor of 1462905?
True
Does 387 divide 158721?
False
Is 364 a factor of 1549184?
True
Is 75 a factor of 16898550?
True
Is 38 a factor of 1235912?
True
Is 374 a factor of 6191944?
True
Is 1689828 a multiple of 1039?
False
Does 2 divide 10754?
True
Does 6 divide 2292841?
False
Is 103 a factor of 262753?
True
Is 5 a factor of 143161?
False
Is 13983570 a multiple of 1005?
True
Is 146623 a multiple of 7?
False
Does 29 divide 543817?
False
Is 36102475 a multiple of 425?
True
Does 4 divide 244020?
True
Does 14 divide 649110?
True
Is 3 a factor of 119874?
True
Is 17 a factor of 166248?
False
Does 18 divide 878058?
True
Is 71165 a multiple of 43?
True
Is 122 a factor of 1227168?
False
Is 24843 a multiple of 39?
True
Is 6 a factor of 10298?
False
Does 114 divide 471846?
True
Is 653208 a multiple of 572?
False
Does 115 divide 71634?
False
Is 206558 a multiple of 41?
True
Is 539 a factor of 2847537?
True
Is 428 a factor of 562352?
False
Is 1094784 a multiple of 5?
False
Does 112 divide 1340744?
False
Is 11081460 a multiple of 345?
False
Is 356 a factor of 8130328?
True
Does 367 divide 3172142?
False
Is 755410 a multiple of 272?
False
Is 354336 a multiple of 12?
True
Is 8 a factor of 100791?
False
Does 11 divide 1026168?
True
Does 92 divide 284004?
True
Is 2329273 a multiple of 8?
False
Is 2332422 a multiple of 295?
False
Is 389 a factor of 519315?
True
Is 13 a factor of 1883411?
False
Is 170 a factor of 3972390?
True
Is 3 a factor of 27444?
True
Is 3957177 a multiple of 41?
False
Is 96125 a multiple of 6?
False
Is 73298 a multiple of 42?
False
Does 75 divide 43875?
True
Does 31 divide 3632053?
True
Does 98 divide 958908?
False
Does 170 divide 8094464?
False
Does 163 divide 3252736?
False
Is 2928315 a multiple of 63?
False
Is 288917 a multiple of 43?
True
Does 8 divide 4832392?
True
Is 1409385 a multiple of 17?
True
Does 619 divide 277046?
False
Does 8 divide 5613472?
True
Is 8490482 a multiple of 14?
True
Is 7141772 a multiple of 193?
True
Is 9897 a multiple of 12?
False
Does 33 divide 112157?
False
Is 19617 a multiple of 13?
True
Is 19 a factor of 396229?
False
Is 13 a factor of 4054154?
True
Is 86670 a multiple of 81?
True
Does 36 divide 526673?
False
Does 17 divide 13390?
False
Does 92 divide 2205332?
True
Is 3035 a factor of 19698934?
False
Does 75 divide 52512?
False
Is 972358 a multiple of 20?
False
Is 2052431 a multiple of 35?
False
Is 105 a factor of 45565?
False
Does 51 divide 536469?
True
Does 43 divide 337880?
False
Is 13 a factor of 5383827?
False
Is 741 a factor of 1473547?
False
Is 46 a factor of 183421?
False
Does 343 divide 207764?
False
Is 2180